{"id":87,"date":"2024-01-23T00:28:01","date_gmt":"2024-01-23T00:28:01","guid":{"rendered":"https:\/\/fet.expert\/?page_id=87"},"modified":"2024-01-23T00:28:01","modified_gmt":"2024-01-23T00:28:01","slug":"polityka-prywatnosci","status":"publish","type":"page","link":"https:\/\/fet.expert\/en\/polityka-prywatnosci\/","title":{"rendered":"Polityka Prywatno\u015bci"},"content":{"rendered":"\n<p>Zgodnie z art. 13 ust. 1 i ust. 2 og\u00f3lnego rozporz\u0105dzenia o ochronie danych osobowych z dnia 27 kwietnia 2016 r. (dalej RODO) informuj\u0119, i\u017c:<\/p>\n\n\n\n<ol class=\"wp-block-list\">\n<li>Administratorem Pa\u0144stwa danych osobowych jest sp\u00f3\u0142ka NewU Sp. z o.o. z siedzib\u0105 w Warszawie 01-966, ul. Prozy 27 zarejestrowana w rejestrze przedsi\u0119biorc\u00f3w prowadzonym przez S\u0105d Rejonowy dla Krakowa \u015ar\u00f3dmie\u015bcie w Krakowie, XI Wydzia\u0142 Gospodarczy Krajowego Rejestru S\u0105dowego pod numerem KRS: 447585, NIP: 6762461323, REGON: 122761339<\/li>\n\n\n\n<li>Administrator wyznaczy\u0142 Inspektora Ochrony Danych, z kt\u00f3rym mo\u017cna si\u0119 skontaktowa\u0107 drog\u0105 elektroniczn\u0105:<a href=\"mailto:iod@newu.pl\">iod@newu.pl<\/a><\/li>\n\n\n\n<li>Pani\/Pana dane osobowe przetwarzane b\u0119d\u0105 w celu:<\/li>\n<\/ol>\n\n\n\n<p>a)na podstawie art. 9 ust. 2 lit. h) RODO \u2013 realizacji us\u0142ug medycznych<\/p>\n\n\n\n<p>b)na podstawie art. 6 ust. 1 b) RODO \u2013 wykonania umowy zawartej z Pacjentem \u2013 przez okres obowi\u0105zywania umowy;<\/p>\n\n\n\n<p>c)na podstawie art. 6 ust. 1 c) RODO \u2013 wykonania ci\u0105\u017c\u0105cych na Administratorze obowi\u0105zk\u00f3w prawnych, np. dla cel\u00f3w administracyjnych, ewidencyjnych, podatkowych, archiwizacyjnych \u2013 w okresie koniecznym dla realizacji poszczeg\u00f3lnych obowi\u0105zk\u00f3w wynikaj\u0105cych z przepis\u00f3w prawa;<\/p>\n\n\n\n<p>d)na podstawie art. 6 ust. 1 lit. d) oraz art. 9 ust.2 lit. c) RODO \u2013 ochrony \u017cywotnych interes\u00f3w Pacjent\u00f3w lub innych os\u00f3b fizycznych np. w zakresie ochrony integralno\u015bci fizycznej lub \u017cycia osoby, kt\u00f3rej dane dotycz\u0105 \u2013 w okresie koniecznym dla podj\u0119cia interwencji;<\/p>\n\n\n\n<p>e)na podstawie art. 6 ust. 1 lit. f) RODO \u2013 ochrony prawnie uzasadnionego interesu Administratora \u2013 w celu dochodzenia roszcze\u0144 \u2013 przez okres wymagalno\u015bci ewentualnych roszcze\u0144 powsta\u0142y<\/p>\n\n\n\n<ol class=\"wp-block-list\" start=\"4\">\n<li>Odbiorc\u0105 Pani\/Pana danych osobowych b\u0119d\u0105 wsp\u00f3\u0142pracownicy i pracownicy Administratora w zakresie swoich obowi\u0105zk\u00f3w s\u0142u\u017cbowych na podstawie upowa\u017cnienia oraz podmioty zewn\u0119trzne z kt\u00f3rymi Administrator podpisa\u0142 umow\u0119 powierzenia.<\/li>\n\n\n\n<li>Pani\/Pana dane osobowe nie b\u0119d\u0105 przekazywane do pa\u0144stwa trzeciego\/organizacji;<\/li>\n\n\n\n<li>Posiada Pani\/Pan prawo dost\u0119pu do tre\u015bci swoich danych oraz prawo ich sprostowania, usuni\u0119cia, ograniczenia przetwarzania, prawo wniesienia sprzeciwu, prawo do przenoszenia danych.<\/li>\n\n\n\n<li>Posiada Pan\/Pani prawo wniesienia skargi do organu nadzorczego- Urz\u0119du Ochrony Danych Osobowych, gdy uzna Pani\/Pan, i\u017c przetwarzanie danych osobowych Pani\/Pana dotycz\u0105cych narusza przepisy og\u00f3lnego rozporz\u0105dzenia o ochronie danych osobowych z dnia 27 kwietnia 2016 r.;<\/li>\n\n\n\n<li>Podanie przez U\u017cytkownika danych osobowych jest dobrowolne, jednak konieczne w celu bezpiecznego wykonania zabiegu. Odmowa podania danych mo\u017ce skutkowa\u0107 odmow\u0105 realizacji us\u0142ugi.<\/li>\n\n\n\n<li>Pani\/Pana dane nie b\u0119d\u0105 przetwarzane w spos\u00f3b zautomatyzowany w tym r\u00f3wnie\u017c w formie profilowania tzn. \u017cadne decyzje wywo\u0142uj\u0105ce wobec osoby skutki prawne lub w podobny spos\u00f3b na ni\u0105 istotnie wp\u0142ywaj\u0105ce nie b\u0119d\u0105 oparte wy\u0142\u0105cznie na automatycznym przetwarzaniu danych osobowych i nie wi\u0105\u017c\u0105 si\u0119 z tak\u0105 automatycznie podejmowan\u0105 decyzj\u0105.<\/li>\n<\/ol>\n","protected":false},"excerpt":{"rendered":"<p>Zgodnie z art. 13 ust. 1 i ust. 2 og\u00f3lnego rozporz\u0105dzenia o ochronie danych osobowych z dnia 27 kwietnia 2016 r. (dalej RODO) informuj\u0119, i\u017c: a)na podstawie art. 9 ust. 2 lit. h) RODO \u2013 realizacji us\u0142ug medycznych b)na podstawie art. 6 ust. 1 b) RODO \u2013 wykonania umowy zawartej z Pacjentem \u2013 przez okres [&hellip;]<\/p>\n","protected":false},"author":1,"featured_media":0,"parent":0,"menu_order":0,"comment_status":"closed","ping_status":"closed","template":"","meta":{"_acf_changed":false,"footnotes":""},"class_list":["post-87","page","type-page","status-publish","hentry"],"acf":[],"_links":{"self":[{"href":"https:\/\/fet.expert\/en\/wp-json\/wp\/v2\/pages\/87","targetHints":{"allow":["GET"]}}],"collection":[{"href":"https:\/\/fet.expert\/en\/wp-json\/wp\/v2\/pages"}],"about":[{"href":"https:\/\/fet.expert\/en\/wp-json\/wp\/v2\/types\/page"}],"author":[{"embeddable":true,"href":"https:\/\/fet.expert\/en\/wp-json\/wp\/v2\/users\/1"}],"replies":[{"embeddable":true,"href":"https:\/\/fet.expert\/en\/wp-json\/wp\/v2\/comments?post=87"}],"version-history":[{"count":1,"href":"https:\/\/fet.expert\/en\/wp-json\/wp\/v2\/pages\/87\/revisions"}],"predecessor-version":[{"id":88,"href":"https:\/\/fet.expert\/en\/wp-json\/wp\/v2\/pages\/87\/revisions\/88"}],"wp:attachment":[{"href":"https:\/\/fet.expert\/en\/wp-json\/wp\/v2\/media?parent=87"}],"curies":[{"name":"wp","href":"https:\/\/api.w.org\/{rel}","templated":true}]}}

Polityka Prywatności

<p>Zgodnie z art. 13 ust. 1 i ust. 2 ogólnego rozporządzenia o ochronie danych osobowych z dnia 27 kwietnia 2016 r. (dalej RODO) informuję, iż:</p>



<ol class="wp-block-list">
<li>Administratorem Państwa danych osobowych jest spółka NewU Sp. z o.o. z siedzibą w Warszawie 01-966, ul. Prozy 27 zarejestrowana w rejestrze przedsiębiorców prowadzonym przez Sąd Rejonowy dla Krakowa Śródmieście w Krakowie, XI Wydział Gospodarczy Krajowego Rejestru Sądowego pod numerem KRS: 447585, NIP: 6762461323, REGON: 122761339</li>



<li>Administrator wyznaczył Inspektora Ochrony Danych, z którym można się skontaktować drogą elektroniczną:<a href="mailto:iod@newu.pl">iod@newu.pl</a></li>



<li>Pani/Pana dane osobowe przetwarzane będą w celu:</li>
</ol>



<p>a)na podstawie art. 9 ust. 2 lit. h) RODO – realizacji usług medycznych</p>



<p>b)na podstawie art. 6 ust. 1 b) RODO – wykonania umowy zawartej z Pacjentem – przez okres obowiązywania umowy;</p>



<p>c)na podstawie art. 6 ust. 1 c) RODO – wykonania ciążących na Administratorze obowiązków prawnych, np. dla celów administracyjnych, ewidencyjnych, podatkowych, archiwizacyjnych – w okresie koniecznym dla realizacji poszczególnych obowiązków wynikających z przepisów prawa;</p>



<p>d)na podstawie art. 6 ust. 1 lit. d) oraz art. 9 ust.2 lit. c) RODO – ochrony żywotnych interesów Pacjentów lub innych osób fizycznych np. w zakresie ochrony integralności fizycznej lub życia osoby, której dane dotyczą – w okresie koniecznym dla podjęcia interwencji;</p>



<p>e)na podstawie art. 6 ust. 1 lit. f) RODO – ochrony prawnie uzasadnionego interesu Administratora – w celu dochodzenia roszczeń – przez okres wymagalności ewentualnych roszczeń powstały</p>



<ol class="wp-block-list" start="4">
<li>Odbiorcą Pani/Pana danych osobowych będą współpracownicy i pracownicy Administratora w zakresie swoich obowiązków służbowych na podstawie upoważnienia oraz podmioty zewnętrzne z którymi Administrator podpisał umowę powierzenia.</li>



<li>Pani/Pana dane osobowe nie będą przekazywane do państwa trzeciego/organizacji;</li>



<li>Posiada Pani/Pan prawo dostępu do treści swoich danych oraz prawo ich sprostowania, usunięcia, ograniczenia przetwarzania, prawo wniesienia sprzeciwu, prawo do przenoszenia danych.</li>



<li>Posiada Pan/Pani prawo wniesienia skargi do organu nadzorczego- Urzędu Ochrony Danych Osobowych, gdy uzna Pani/Pan, iż przetwarzanie danych osobowych Pani/Pana dotyczących narusza przepisy ogólnego rozporządzenia o ochronie danych osobowych z dnia 27 kwietnia 2016 r.;</li>



<li>Podanie przez Użytkownika danych osobowych jest dobrowolne, jednak konieczne w celu bezpiecznego wykonania zabiegu. Odmowa podania danych może skutkować odmową realizacji usługi.</li>



<li>Pani/Pana dane nie będą przetwarzane w sposób zautomatyzowany w tym również w formie profilowania tzn. żadne decyzje wywołujące wobec osoby skutki prawne lub w podobny sposób na nią istotnie wpływające nie będą oparte wyłącznie na automatycznym przetwarzaniu danych osobowych i nie wiążą się z taką automatycznie podejmowaną decyzją.</li>
</ol>

<p>Zgodnie z art. 13 ust. 1 i ust. 2 ogólnego rozporządzenia o ochronie danych osobowych z dnia 27 kwietnia 2016 r. (dalej RODO) informuję, iż: a)na podstawie art. 9 ust. 2 lit. h) RODO – realizacji usług medycznych b)na podstawie art. 6 ust. 1 b) RODO – wykonania umowy zawartej z Pacjentem – przez okres [&hellip;]</p>
